d(0).
-28
Let a(i) = -i - 14. Determine a(-22).
8
Let t(o) = -o + 1. What is t(7)?
-6
Let m(o) = 12*o**3 + 4*o - 4. Determine m(1).
12
Let m(b) = 23*b + 3. Determine m(1).
26
Let a(n) = 3*n + 1. Give a(-5).
-14
Let u(p) = -p**2 - p + 18. Calculate u(4).
-2
Let m(n) = n**2 + 7*n + 4. Determine m(-5).
-6
Let z(r) = -r**2 - 10*r - 10. Calculate z(-9).
-1
Let c(a) = a**2 + 7*a - 2. Give c(-7).
-2
Let r(l) = -l**3 - l**2 + 3*l - 1. What is r(2)?
-7
Let n(k) = 6*k + 4. Calculate n(-5).
-26
Let t(z) = 2*z**3 - z**2. Give t(-1).
-3
Let o(w) = -3*w + 31. Give o(9).
4
Let b(v) = -7*v**3. Determine b(1).
-7
Let m(i) = -4*i**2 - 52*i + 48. What is m(-14)?
-8
Let t(i) = -9*i + 59. What is t(5)?
14
Let a(t) = -t**2 - 5*t - 4. Calculate a(-6).
-10
Let t(v) = -v**2 - 22*v - 10. Calculate t(-22).
-10
Let z(i) = i**3 + 2*i**2 + 2*i + 4. Determine z(-3).
-11
Let m(z) = -2*z**2 - 14*z + 18. Determine m(-7).
18
Let a(k) = -k**2 - 7*k + 15. Determine a(-9).
-3
Let p(r) = r**3 - r**2 + 2*r - 19. Determine p(0).
-19
Let c(o) = o**3 - o**2 - 19. What is c(0)?
-19
Let g(a) = a**3 - 7*a**2 + 7*a - 3. Give g(6).
3
Let q(z) = -z**3 - 10*z**2 - 20*z - 3. What is q(-7)?
-10
Let i(k) = -k**2 + 38*k - 135. Calculate i(34).
1
Let b(m) = 86*m + 771. Calculate b(-9).
-3
Let k(t) = t + 6. Determine k(2).
8
Let t(h) = 4*h**3 - 2*h**2 - 2*h + 3. Give t(2).
23
Let n(s) = -2*s**2 + 50*s + 10. What is n(25)?
10
Let k(l) = -9*l**2 - 119*l - 15. What is k(-13)?
11
Let b(a) = -3*a + 3. Calculate b(2).
-3
Let z(n) = -2*n**2 - n + 9. What is z(3)?
-12
Let o(m) = 6*m**2 - 4*m - 1. Give o(3).
41
Let x(l) = -l**3 - 4*l**2 + 9*l + 2. What is x(4)?
-90
Let x(z) = -z**3 + 8*z**2 + 11*z - 13. Give x(9).
5
Let x(a) = -a**3 + 16*a**2 + 2*a - 25. Give x(16).
7
Let k(u) = -10*u + 84. Determine k(8).
4
Let u(n) = n**2 - 12*n + 15. What is u(7)?
-20
Let v(n) = n**3 + 3*n**2 + 2*n + 6. Determine v(-4).
-18
Let o(y) = 6*y - 110. Calculate o(17).
-8
Let k(h) = h**2 + 7*h + 25. Calculate k(-5).
15
Let b(p) = -p + 3. Give b(14).
-11
Let a(o) = -o**3 - 6*o**2 + 5. Calculate a(-6).
5
Let y(w) = -w**3 + 7*w**2 - 7. Calculate y(7).
-7
Let c(z) = -3*z + 5. What is c(9)?
-22
Let w(t) = t**3 + 24*t**2 + 43*t - 26. Determine w(-22).
-4
Let z(f) = -2*f - 5. Give z(1).
-7
Let v(k) = -k**3 + 5*k**2 - 4*k - 14. Determine v(5).
-34
Let v(t) = t**3 + 9*t**2 + 9*t - 17. Determine v(-7).
18
Let y(z) = z**3 + 7*z**2 + 7*z + 5. Determine y(-6).
-1
Let g(t) = -2*t**2 - 9*t + 115. Determine g(-10).
5
Let d(g) = 5*g - 135. Determine d(26).
-5
Let v(n) = n - 70. Determine v(33).
-37
Let p(i) = -30*i + 50. Calculate p(2).
-10
Let k(t) = t**3 + 25*t**2 + 4*t + 39. Give k(-25).
-61
Let s(w) = w**3 - 10*w**2 - 11*w - 4. Determine s(11).
-4
Let j(n) = -3*n + 17. Calculate j(0).
17
Let z(x) = -x**3 + 4*x - 9. What is z(-3)?
6
Let l(h) = -2*h**3 - 16*h**2 + 3*h + 19. What is l(-8)?
-5
Let k(o) = 6*o**2 - 66*o - 2. Calculate k(11).
-2
Let s(t) = -t**2 + 7. Calculate s(0).
7
Let b(p) = -9*p + 60. What is b(11)?
-39
Let q(k) = k**2 - 45*k - 101. Give q(47).
-7
Let n(c) = c**2 + 5*c + 6. What is n(-7)?
20
Let v(c) = c**3 + 17*c**2 + 21*c + 74. What is v(-16)?
-6
Let a(s) = -s**2 + 10*s + 86. What is a(16)?
-10
Let d(i) = -2*i**3 + 21*i**2 + 7*i + 38. Calculate d(11).
-6
Let y(f) = -2*f**2 - 2*f + 5. What is y(0)?
5
Let a(q) = -q**3 - 14*q**2 - 42*q + 4. What is a(-4)?
12
Let h(g) = g**2 - 16*g + 28. Determine h(12).
-20
Let z(x) = 2*x - 32. What is z(12)?
-8
Let j(o) = -o**2 + 8*o + 36. Give j(10).
16
Let k(d) = d**2 + 20*d - 26. Calculate k(-19).
-45
Let o(t) = t**2 + 8*t + 10. Give o(-9).
19
Let n(w) = 9*w - 81. Determine n(9).
0
Let o(y) = -2*y - 5. What is o(0)?
-5
Let f(l) = l**2 + 4*l - 3. Give f(0).
-3
Let n(p) = -16*p**3 + 4*p**2 - 6*p + 3. Give n(1).
-15
Let b(u) = u**3 + 6*u**2 - 6*u. What is b(-7)?
-7
Let d(l) = l**2 - 8*l - 21. Calculate d(8).
-21
Let t(y) = 3*y - 2. Calculate t(-12).
-38
Let y(t) = -t**3 + 3*t**2 + 4*t - 1. Give y(3).
11
Let n(q) = -q**2 + 4*q - 2. Calculate n(6).
-14
Let y(i) = 2*i**2 + 17*i - 30. Calculate y(-14).
124
Let t(x) = 2*x**3 + 12*x**2 - x - 7. Give t(-6).
-1
Let s(t) = -t**3 + 7*t**2 + 5*t + 16. What is s(8)?
-8
Let c(s) = 5*s + 55. What is c(-20)?
-45
Let k(z) = z**3 + 7*z**2 - 17*z - 33. Determine k(-8).
39
Let o(r) = r**2 - 18*r - 87. Determine o(22).
1
Let u(c) = -c**3 + 9*c**2 + 25*c - 153. Give u(10).
-3
Let b(c) = c**3 + 8*c**2 + 7*c + 18. What is b(-7)?
18
Let r(w) = -w + 77. Calculate r(0).
77
Let z(a) = 7*a**3 - a**2 - 2*a + 2. Calculate z(1).
6
Let q(k) = -2*k**2 - 9*k - 6. Calculate q(-6).
-24
Let p(s) = -s**2 + 13*s - 32. Give p(8).
8
Let t(k) = -k**2 - 11*k + 17. Calculate t(-15).
-43
Let f(b) = -8*b - 28. Determine f(-9).
44
Let c(y) = -2*y**3 - 15*y**2 - 9*y - 14. Determine c(-7).
0
Let o(j) = j**3 - 5*j**2 - 3*j + 9. Determine o(6).
27
Let a(l) = -2*l**2 - 22*l - 4. Determine a(-11).
-4
Let b(s) = s**2 + 5*s - 2. Determine b(9).
124
Let m(n) = -n**2 + 9*n + 9. What is m(8)?
17
Let h(g) = g**3 + 11*g**2 + 13*g + 23. Give h(-10).
-7
Let c(u) = u**2 - 13*u + 38. Determine c(5).
-2
Let q(r) = -r**3 + 6*r**2 + 7*r - 2. Calculate q(5).
58
Let x(u) = 2*u**3 + 29*u**2 - 13*u - 19. Give x(-15).
-49
Let h(s) = -18*s**2 + 108*s - 7. What is h(6)?
-7
Let a(l) = -l**2 - 2*l + 4. Calculate a(-3).
1
Let o(u) = -19*u - 61. Calculate o(-3).
-4
Let v(i) = 15*i + 39. Calculate v(-3).
-6
Let t(d) = d**3 + 5*d**2 + 6*d + 10. Determine t(-4).
2
Let t(b) = -b**2 + b - 3. What is t(0)?
-3
Let u(d) = -2*d**3 + 16*d**2 - 12*d - 2. Calculate u(7).
12
Let r(p) = -p**2 - 8*p - 66. Determine r(0).
-66
Let x(i) = -2*i**3 + 5*i**2 + 24*i + 1. Determine x(5).
-4
Let l(f) = 9*f - 39. What is l(6)?
15
Let m(i) = i - 13. Give m(14).
1
Let k(p) = -p**2 + 9*p - 9. Determine k(13).
-61
Let r(z) = 6*z**2 + 4*z. Determine r(2).
32
Let j(q) = 31*q - 130. Determine j(4).
-6
Let d(s) = s**2 + 9*s + 18. Determine d(-6).
0
Let j(i) = 5*i - 8. Give j(-8).
-48
Let j(n) = -n**2 - 14*n + 20. Determine j(-15).
5
Let a(i) = -25*i**2 + 5*i - 2. Give a(1).
-22
Let d(m) = -3*m + 64. Calculate d(22).
-2
Let g(j) = -j + 9. Determine g(4).
5
Let l(t) = 4*t + 3. What is l(-2)?
-5
Let q(m) = -m**2 - 11*m - 32. Calculate q(-9).
-14
Let w(x) = -28*x. Calculate w(-2).
56
Let o(b) = -2*b**3 + 5*b**2 + 9*b + 5. Give o(5).
-75
Let d(i) = -8*i - 8. What is d(-2)?
8
Let i(g) = 3*g - 12. What is i(-10)?
-42
Let j(a) = -a**3 - 13*a**2 - 8*a + 11. Calculate j(-12).
-37
Let u(v) = -v + 7. Calculate u(7).
0
Let b(q) = -8*q - 4. Determine b(-5).
36
Let c(w) = w**3 - 2*w**2 + 2*w - 7. What is c(3)?
8
Let o(c) = c**2 - 23*c + 32. Calculate o(23).
32
Let c(n) = 2*n**3 - 9*n**2 - 13*n - 8. What is c(6)?
22
Let d(h) = 11*h**2 + 14*h + 15. Calculate d(-1).
12
Let y(h) = -h**2 + 36*h - 202. Determine y(7).
1
Let k(z) = -z**3 + 3*z**2 + 6*z - 4. Calculate k(4).
4
Let g(c) = -10*c + 48. Determine g(4).
8
Let b(k) = -10*k - 4. What is b(1)?
-14
Let q(f) = -f**3 + 10*f**2 + 2*f - 6. Give q(10).
14
Let h(q) = -5*q + 24. Calculate h(6).
-6
Let z(p) = p**2 + 18*p + 24. Calculate z(-17).
7
Let a(x) = -x**2 - 8*x - 8. Give a(-4).
8
Let y(l) = 2*l. Determine y(-11).
-22
Let w(q) = -q**2 + 10*q + 12. What is w(13)?
-27
Let s(f) = f**3 + 17*f**2 - 41*f - 81. What is s(-19)?
-24
Let k(p) = p**3 + 10*p**2 - 1. Give k(-10).
-1
Let k(j) = j**2 + 9*j - 3. What is k(-10)?
7
Let q(s) = -s - 34. What is q(0)?
-34
Let d(n) = -3*n + 3. Give d(-5).
18
Let i(m) = m + 15. Calculate i(-11).
4
Let z(x) = -x**3 - 12*x**2 + 3*x - 13. Calculate z(-12).
-49
Let o(w) = -w**2 + 7*w + 10. Calculate o(7).
10
Let v(x) = 2*x**3 - 6*x**2 + 21. Calculate v(3).
21
Let y(i) = i**3 + 6*i**2 - 8*i - 3. Give y(-7).
4
Let u(j) = 2*j**2 - 5*j - 3. What is u(4)?
9
Let w(a) = -4*a**3 - 4*a**2 + 4*a + 4. What is w(-2)?
12
Let h(p) = p**3 + 2*p**2 + 6. Determine h(-3).
-3
Let u(w) = -4*w + 19. Calculate u(3).
7
Let b(v) = v**3 + 14*v**2 + v + 14. Determine b(-14).
0
Let q(c) = -c**3 - 29*c**2 - 30*c - 26. Determine q(-28).
30
Let c(r) = -r**2 - 12*r - 12. Give c(-8).
20
Let j(i) = -91*i + 268. What is j(3)?
-5
Let q(j) = j**2 - 10*j - 12. What is q(11)?
-1
Let f(y) = y**2 - 5*y + 11. Give f(4).
7
Let q(f) = 2*f**2 + 8*f + 10. Calculate q(-4).
10
Let y(v) = v**3 + 12*v**2 - v - 15. Determine y(-12).
-3
Le